ose 5*c + 4 = d*s + 232, -2*s - 3*c = 212. Let l = s - -180. What is the remainder when l is divided by 18?
17
Let t(c) = 8*c + 3. Let l(d) = -d**2 - 15*d - 9. Calculate the remainder when t(8) is divided by l(-13).
16
Let w be (-4 - (-14)/4)*-10. Suppose -w*l - 5 + 65 = 0. Let r = l - -9. Calculate the remainder when 83 is divided by r.
20
Let h(a) = -4*a + 1. Suppose 77*d - 82*d = -20. Calculate the remainder when h(-1) is divided by d.
1
Let v be -1*((4 - 0) + -12). Let u(g) = g**3 - 9*g**2 + 7*g + 10. Let w be u(v). Calculate the remainder when 1 - (6 - w - 48) is divided by 23.
22
Suppose 2*g - 290 = -44. Suppose -g = 3*d - 0*d. Let j = d + 68. Calculate the remainder when j is divided by 14.
13
Let i = 7 - 7. Suppose -4*g - 3*t = 2*t - 101, g - 3*t - 4 = i. What is the remainder when g is divided by 7?
5
Let m = 574 + -558. What is the remainder when 45 is divided by m?
13
Let a(g) = 34*g**3 - 5*g**2 + 5*g - 1. Calculate the remainder when 76 is divided by a(1).
10
Let r(m) = -28*m + 743. Calculate the remainder when r(14) is divided by 59.
56
Suppose d + 7*g + 92 = 3*g, 5*d - 2*g = -460. Let l = d - -135. What is the remainder when l is divided by ((-22)/8)/((-1)/4)?
10
Let s = 0 + 2. Suppose 3*b - 126 = s*b. Suppose -v + b = 20. Calculate the remainder when v is divided by 27.
25
Let g(j) = 2*j**3 - 14*j**2 - 18*j - 3. Let u(w) = w**3 - w**2 + 1. Let x(t) = -g(t) + 3*u(t). Calculate the remainder when 10 is divided by x(-9).
4
Let v(c) = 19*c - 3. Calculate the remainder when v(4) is divided by 4 + (4 + (-20)/8)*24.
33
Suppose i = -h + 335, -12*h = 5*i - 10*h - 1681. What is the remainder when i is divided by 36?
13
Let s = -370 + 529. Calculate the remainder when s is divided by 23.
21
Suppose -4*n + 4 = -p + 41, 2*p + 2*n = 34. Calculate the remainder when 1005 is divided by p.
18
Suppose 107 + 46 = 3*m. Let l = -342 + 363. Calculate the remainder when m is divided by l.
9
What is the remainder when 7 is divided by 4/5*(-6 + (-68)/(-8))?
1
Suppose 37*y - 5*y = 3552. What is the remainder when y is divided by 35?
6
Suppose -a + v - 464 = 2*v, -4*a = 2*v + 1856. Let m = -208 - a. Suppose 0 = -11*y + 7*y + m. What is the remainder when y is divided by 22?
20
Suppose r = -b + 455, 0*b - 3*r + 1818 = 4*b. Calculate the remainder when b is divided by 116.
105
Suppose 0 = -u + 3*u + 2226. Let l = -13 - -24. What is the remainder when u/(-35) + (-2)/(-10) is divided by l?
10
Let n(r) = 36*r + 7. Let l(k) = -71*k - 14. Let c(h) = 3*l(h) + 5*n(h). Calculate the remainder when c(-2) is divided by 12.
11
Let i(q) = 3*q**2 + 8*q + 13. Let o = 257 + -198. What is the remainder when i(-10) is divided by o?
56
Let p(v) = -v**2 + 6*v - 1. Let x(d) = -6 + 16 + 3 + 2 + 3*d**2 - 16*d. Calculate the remainder when x(6) is divided by p(4).
6
Suppose n = 3*g + 11, -4 = -2*n - 3*g + 9. What is the remainder when 43 is divided by n?
3
Let m be (-4)/(-2)*(113 + 0). Let j = -100 + 115. What is the remainder when (-6)/24 - m/(-8) is divided by j?
13
Let o = 865 - 743. Calculate the remainder when o is divided by 31.
29
Suppose -249 - 1675 = -26*o. What is the remainder when 144 is divided by o?
70
Suppose 0 = -4*b - r + 41, -27*b - 34 = -30*b - 4*r. Calculate the remainder when 24 + 2/(1 + 1) is divided by b.
5
Let j = -21860 - -21907. Let w(c) = c - 1. What is the remainder when j is divided by w(6)?
2
Let s be 705/25 - -3 - (-1)/(-5). Suppose 17 = -2*j + s. What is the remainder when 117 is divided by j?
5
Suppose s = -3*a + 11, -12*a + 11 = s - 16*a. Suppose -l + 39 = -2. What is the remainder when l is divided by s?
8
Let z = 45 + -53. Calculate the remainder when 113 is divided by ((-10)/(-15))/(z/(-276)).
21
Suppose -4*p = 5*n - 295 - 428, -2*p + 379 = -n. Calculate the remainder when p is divided by 19.
16
Suppose 62*k - 70 = 302. Calculate the remainder when k is divided by 5.
1
Let s = 32 + -35. What is the remainder when -21*(s - 28/(-12)) is divided by 5?
4
Suppose -x + 13 = -p, -9*x + 7*x + 32 = -5*p. What is the remainder when 230 is divided by x?
10
Let t = 11 + -11. Suppose 3*i = 4*u - 197, i + i + u + 113 = t. Let b = i + 90. What is the remainder when b is divided by 11?
9
Suppose 7*c - 12 - 16 = 0. Calculate the remainder when 121 is divided by c.
1
Suppose 0 = -g + 4*g - 3. Suppose 28 = y + 3*f, 3*f + g = y + 3. Suppose 3*q + z = 7, -1 = -3*q + z + 16. Calculate the remainder when y is divided by q.
1
Let n = -231 + 242. What is the remainder when 41 is divided by n?
8
Let m(n) = n**3 - 3*n**2 - 5*n + 3. Let a be m(6). Let r = -68 + a. Calculate the remainder when 49 is divided by r.
10
Let n(t) = -t**2 - 14*t - 7. Suppose -21 = -4*i - 73. Let f(x) = x**3 + 4*x**2 + 3*x. Calculate the remainder when n(i) is divided by f(-2).
0
Let s be (3 - (-4 - -9))*2. Calculate the remainder when (s - (-10)/5)/((-2)/61) is divided by 32.
29
Let f = 951 - 574. Calculate the remainder when f is divided by 54.
53
Let x(o) = 13*o - 12. Let f be x(14). Suppose 4*p + p - f = 0. Suppose -r + t + 50 = 0, -1 - p = -r + 4*t. What is the remainder when r is divided by 29?
26
Let z = -52 - -56. Calculate the remainder when z/(2/(-2)) - (1 - 43) is divided by 18.
2
Suppose 3*m + 60 = 2*k - 50, 5*m - 5*k = -190. Let q = -9 - m. Calculate the remainder when q is divided by ((-7)/(-2))/((-2)/(-8)).
11
What is the remainder when 234 is divided by 12/(((-180)/(-25))/12)?
14
Let z(y) = -3*y**2 - 31*y - 30. Calculate the remainder when 39 is divided by z(-8).
13
Suppose 5*n + 82 = 4*i + 21, -i - 3*n = -11. Suppose -2*o + 2*h + 94 = 34, 2*o + 3*h - 95 = 0. What is the remainder when o is divided by i?
9
What is the remainder when 70 is divided by (-52)/(-3) - (220/(-30))/11?
16
Suppose -4*c + c = -5*a - 48, -23 = -c + 4*a. What is the remainder when c is divided by (8960/1512)/(-80) + (-220)/(-54) + 0?
3
Suppose 12 = x + 11. Calculate the remainder when 78 is divided by -6 + 8 - (-18)/x.
18
Let h(o) = -o + 4. What is the remainder when ((-12)/(-30))/(-1 + 174/170) is divided by h(-3)?
3
Suppose x - 4*v - 43 = 0, -3*v - 32 = -2*x + 39. Calculate the remainder when 128 is divided by x.
4
Suppose 18*o - 17*o = 1160. Let u(f) = f**3 + 6*f**2 - 5*f + 7. Calculate the remainder when u(-6) is divided by o/140 + (-4)/14.
5
Let q = -429 - -433. What is the remainder when 23 is divided by q?
3
Suppose -b - 2*b = 63. Suppose 3*q - 2*q - 54 = 3*f, -5*f - 64 = -q. Let d = b + q. Calculate the remainder when d is divided by 10.
8
Let g(p) = p**2 - 8*p + 10. Let u be g(7). Suppose t - 11 = u*j + 33, 4*t + 2*j - 120 = 0. Calculate the remainder when t is divided by 22.
10
Suppose -2*d + 1 = -7*d - 2*o, 4*d = -3*o - 5. Suppose d = s, 2*r - 78 = -5*s + 125. What is the remainder when r is divided by 17?
14
Let a(h) be the third derivative of h**6/120 - 3*h**5/20 - 19*h**4/24 - 4*h**3/3 - 27*h**2. Calculate the remainder when 197 is divided by a(11).
22
Let t(q) = q**3 - 7*q**2 + 9*q - 6. Let k be t(6). What is the remainder when 46 is divided by 141/k - (-3)/12?
10
Let o(z) = -134*z - 253. Let x(w) = 10*w - 2. What is the remainder when x(6) is divided by o(-2)?
13
Suppose 2*t - 487 + 473 = 0. What is the remainder when 40 is divided by t?
5
Suppose 621 = 15*u + 246. Calculate the remainder when u is divided by 9.
7
Suppose -p + 184 - 15 = -n, -5*n - 326 = -2*p. Calculate the remainder when p is divided by 16.
13
Suppose -3*s = 3*s - 144. Let w = s + -2. Let b(h) = -3*h - 6. Calculate the remainder when w is divided by b(-4).
4
Let z(u) = -u**2 - 9*u - 18. Let f be z(-4). Suppose -f*h = -4*v + 180, 2*h + 26 + 16 = v. What is the remainder when 136 is divided by v?
44
Suppose 2*k = 3*j + 41, -4*j - 65 = 3*k - 84. What is the remainder when 134 is divided by k?
4
Let r(x) be the first derivative of x**4/4 - 2*x**3/3 + x**2/2 + 6*x - 4. What is the remainder when 33 is divided by r(3)?
15
Suppose -4*n + 5*z + 211 + 27 = 0, 3*z - 130 = -2*n. What is the remainder when n is divided by 31?
0
Suppose -3*s - m + 85 = 0, 3*s - 4*m - 19 - 91 = 0. Let l(d) = 6*d**2 + 2*d - 3. Let j be l(2). Let o = s + j. What is the remainder when o is divided by 19?
17
Let q(x) = -2*x + 6. Let a be q(15). Let k = 27 + a. Suppose -k*v - 2*v = -3*n + 22, -n - 4*v + 13 = 0. Calculate the remainder when n is divided by